2/12?
2
Let g(r) = -r - 44. Let v be g(0). What is the units digit of (-278)/(-8) - 11/v?
5
What is the tens digit of (18/12)/((-3)/(-24))?
1
Suppose -3*y = -4*o + 96, 5*y - 120 = -4*o + 2*y. Suppose 5*h - 48 = o. What is the tens digit of h?
1
Let r(p) = 2*p**2 - 2*p + 2. What is the tens digit of r(4)?
2
Let p = -1 - -9. Suppose 0 = -2*v + p - 0. Suppose 3 = -5*t - 2*n, -t + 5 = 3*n - v*n. What is the units digit of t?
1
Suppose 6*k + 85 - 481 = 0. What is the tens digit of k?
6
Let d(l) = -2*l - 5. Let q be d(-5). What is the units digit of 6*(-1 - q/(-2))?
9
Let k = 6 - 3. Suppose -10 = -r - 4*r. Let u = k + r. What is the units digit of u?
5
Suppose -2*t = -5*t + 120. Suppose 2*w + 0*w - t = -3*l, -2*w = -2*l + 20. What is the units digit of l?
2
Let w(d) = -d**3 + 4*d**2 + 6*d + 2. Let x be w(5). Let s(o) = o**2 - 5*o - 10. What is the units digit of s(x)?
4
Let s be (-2 + 0)/((-2)/5). Suppose -s*d + 1 + 15 = -r, -d = 3*r - 16. What is the units digit of r + (0 - (-1 + 3))?
2
Let w be (2*(0 + -4))/1. Let h = -6 - w. Suppose 0 = -2*j - h*j + 40. What is the tens digit of j?
1
Let i(v) = v**2 - 6*v - 2. What is the units digit of i(10)?
8
Let o(i) = 5*i + 21. What is the units digit of o(6)?
1
Suppose y + d - 241 = 0, -3*y + 711 = -0*d - d. What is the hundreds digit of y?
2
Suppose 0 = -l - 3*r + 8, -20 = 4*l - 3*r + 2*r. Let h = 4 - l. Let i = h + -5. What is the units digit of i?
3
Suppose 0 = 4*x + 5*p - 95, -5*x + 2*p - 106 = -10*x. Let d = x + -12. What is the tens digit of (d/(-16))/((-1)/26)?
1
Suppose -52 = -12*o + 10*o. What is the tens digit of o?
2
Let r = -44 - -328. What is the hundreds digit of r?
2
Let y be ((-3)/(-9))/(1/12). Suppose 3*w + s - 4 = 4*w, -y*s + 16 = 0. Suppose -2*j + 3*f + 7 = w, 4*f + 4 = -0*f. What is the units digit of j?
2
Let x(r) = -r**2 + 14*r + 1. Let j be x(6). Suppose -4*k + 40 = -2*k - 4*s, 5*s = -3*k + j. What is the units digit of k?
8
Let y = -11 - -11. Suppose t = 2*m + 29, 4*m + 120 = -y*t + 4*t. What is the tens digit of t?
3
Let y(n) = -n. Let i be y(-2). Let x = -25 - -52. Suppose -i*g + x = g. What is the units digit of g?
9
Suppose 0 = 3*t - 2*f - 17, 3*t + 5*f = -0*f - 11. Suppose -t*y = -0*y - 9. Let g = 2 + y. What is the units digit of g?
5
Let h = 3 + 1. What is the tens digit of ((-26)/(-8))/(1/h)?
1
Let d = 39 - 28. What is the tens digit of d?
1
Suppose -3*x + 19 = -z - 85, -2*x = -z - 100. What is the tens digit of z/(-5) - (-18)/30?
1
Let a(c) = -2*c**3 - 5*c**2 - c + 4. What is the tens digit of a(-3)?
1
Let c = -8 - -14. What is the tens digit of ((-4)/c)/(2/(-36))?
1
Let t(o) be the third derivative of o**6/120 + 7*o**5/60 + o**3/6 - 4*o**2. Let s be t(-7). Suppose -j + 15 + s = 0. What is the tens digit of j?
1
Let j(q) = -q - 1. Let d be j(-5). Suppose -5 = 2*t - 4*x - 21, d*x = 16. Let r = t - 9. What is the units digit of r?
7
Suppose -3*k = k + 4*t - 100, 5*t = -4*k + 102. Suppose -25 = -2*r - 3*r + 5*n, 4*r - 3*n = k. What is the units digit of r?
8
Let z(q) = q + 1. Let r be z(5). What is the units digit of (63/28)/(r/16)?
6
Let y(b) = b**3 + 7*b**2 - 8*b + 2. Let u be y(-8). Suppose -3 = -5*w - k + u, 2*w + 4*k = -16. What is the units digit of w?
2
What is the units digit of -35*4/(-24) + 1/6?
6
Suppose 24 = 5*a - 2*a. Let m = -4 - a. What is the units digit of (-6)/(-2) - m/(-6)?
1
Let k be (2 + -23 - 2)*-1. Suppose -i = 4*c + k, -5 - 6 = 2*c + i. What is the units digit of 12/(5/((-20)/c))?
8
Suppose 0 = a - 12. Let x = -11 + a. What is the units digit of x?
1
Suppose 8*b - 659 = -219. What is the units digit of b?
5
Suppose 6*f + 0*f - 288 = 0. What is the units digit of f?
8
Let g = 325 + -156. What is the hundreds digit of g?
1
Let s = -48 - -74. Suppose v - 3*v + s = 0. What is the tens digit of v?
1
Let l = 50 + 8. What is the tens digit of l?
5
Let d(p) = 8*p + 102. What is the tens digit of d(21)?
7
Let g(m) = 38*m - 28. What is the units digit of g(3)?
6
Let l(b) = -b**2 + 31*b - 9. What is the tens digit of l(25)?
4
Let t(u) = -11*u + 11. What is the tens digit of t(-4)?
5
Suppose m = 3 - 2, 2*u + 2*m - 8 = 0. Suppose -w = -u - 1. Suppose -w*r = -2*r - 2. What is the units digit of r?
1
Let r(d) = -21*d - 12. What is the tens digit of r(-4)?
7
Let k = 21 - -101. What is the hundreds digit of k?
1
Let g(n) = 2*n**2 - n. Let w be 1/(3/6) + -2. Let k be 2/(-5)*(w + 5). What is the tens digit of g(k)?
1
Let n be 2*(-10)/(-12)*3. Let k be (-8)/(-28) - (-52)/14. Suppose -g = -n*r - k*g + 17, 0 = 2*r - g - 9. What is the units digit of r?
4
What is the tens digit of 252/8 + 4/8?
3
Let t(d) = d**3 + 9*d**2 + 8*d + 7. Let j be t(-8). What is the units digit of (1 - j)*7/(-21)?
2
Let x = 37 - 15. What is the tens digit of x?
2
What is the tens digit of (8 - 10) + 1 + 94?
9
Let v = 55 + -22. What is the units digit of v?
3
Let j(m) = -10*m**3 + m**2. Let k be j(-1). Let t = k - 1. What is the units digit of t?
0
Let h = 7 + 7. What is the tens digit of h?
1
Let o = -41 - -67. Let c = -3 + o. What is the units digit of c?
3
Let v(g) = -g**2 + 18*g - 24. What is the units digit of v(11)?
3
What is the tens digit of (-53)/2*(5 - 7)?
5
Let u be 2/(-8) - 965/(-20). Suppose -4*v - 4*j + u = 0, -2*j = 7*v - 4*v - 31. What is the units digit of v?
7
Suppose -6 = a - 5*w, 4*a - 5*w = 2*a + 13. What is the units digit of a?
9
Suppose -4 = -2*p + 4*p. Let r(u) = 6*u**2 - u + 1. Let f be r(p). Suppose 4*w - 2*a = 38, 3*w + 2*a - f - 19 = 0. What is the units digit of w?
2
Suppose 16 = 2*v - 2. Suppose 4*x - 45 + v = 0. What is the units digit of x?
9
Suppose y = 18 + 8. What is the tens digit of y?
2
Let r(h) = h + 18. What is the units digit of r(-16)?
2
Let c(t) = 1. Let b(k) = 2*k**2 + 5*k + 8. Let i(p) = b(p) - 4*c(p). Let h be i(-3). Suppose 3*n + 1 - h = 0. What is the units digit of n?
2
Suppose -2*y + y + 112 = 0. What is the tens digit of y?
1
Let d(x) = 65*x**3 - x**2 + 1. Let g be d(1). Suppose 0 = -r - y + 15, 3*r - r - 5*y = g. What is the units digit of r?
0
Let f(g) = 5*g**2 + 4*g - 7. Let x(j) = 4*j**2 + 4*j - 8. Let z(y) = 3*f(y) - 4*x(y). What is the units digit of z(-5)?
6
Suppose -a + 11 + 3 = 0. Suppose -2*s = -18 - a. What is the tens digit of s?
1
Suppose -5*l = 4*d - 13, -9 = -3*d - 2*d + l. Suppose 3*t + 47 = 5*s, 8*s = 3*s - d*t + 52. What is the tens digit of s?
1
Let x be 0/((-1)/(-1)) - 4. What is the units digit of (x - -1*2) + 6?
4
Let p = -1 + 1. What is the units digit of p + (-1)/(2/(-8))?
4
Let s(w) be the third derivative of w**5/30 - w**4/12 - w**3/3 - w**2. What is the tens digit of s(-2)?
1
Let a be (555/20)/((-6)/(-16)). Suppose -y - 3*y + 3*b = -a, b + 53 = 3*y. What is the tens digit of y?
1
Let h = 100 - -100. What is the units digit of h?
0
Suppose 5*y = -2*z + 18, -19 - 26 = -5*z + y. What is the units digit of z?
9
Let h(o) = o**3 + 7*o**2 + 5*o - 9. What is the units digit of h(-5)?
6
Suppose 0 = -k + 2 - 1. Let a be k + -1 - -1 - -9. Suppose 0 = q + q - a. What is the units digit of q?
5
Suppose 92 = -5*a + 367. What is the tens digit of a?
5
Let j = 1 - -6. What is the units digit of j?
7
Suppose 4*r - 5*y = 128, -2*y + 169 = 5*r - 6*y. What is the units digit of r?
7
Suppose -11*y + y = -2120. What is the hundreds digit of y?
2
Let o(q) = q**3 - 4*q**2 - 12*q + 2. Let j be o(6). Suppose 100 + 41 = 4*t + 5*c, -3*c + 69 = j*t. What is the tens digit of t?
3
Let l(s) = -3*s**2 - 5*s + 4. Let x(b) = -5*b**2 - 11*b + 9. Let p(v) = -7*l(v) + 3*x(v). What is the units digit of p(1)?
7
Suppose -c + 612 + 409 = 4*h, 3*c + 777 = 3*h. What is the hundreds digit of h?
2
Suppose 2*f + 5 = 3*f. Suppose -f*w + m + 55 - 14 = 0, -3*m - 3 = 0. What is the units digit of w?
8
Let x(i) = i**3 + 8*i**2 - 10*i - 6. Let d be 4 - 11 - 6/3. What is the units digit of x(d)?
3
Let d(k) = -k**3 - 6*k**2 - 3*k - 9. Let c be d(-6). Suppose 0 = -t - 2*t + c. Suppose t*i = -4*a - a + 21, -2*i = -4*a + 8. What is the units digit of i?
2
Suppose 0*z - 3*z = -420. What is the tens digit of 2/3 - z/(-15)?
1
Suppose -4*g - 1 - 15 = 0. Let b(v) = v**2 + 6*v + 6. Let d be b(-6). Let m = g + d. What is the units digit of m?
2
Let k be (4/(-12))/(-1)*6. Let g(t) = 14*t. What is the tens digit of g(k)?
2
Suppose -5*u = -1206 - 329. What is the units digit of u?
7
L